 = j**3 + 8*j**2 + 19*j + 19. Let k be d(-6). Is t(k) composite?
True
Let i(d) = d**3 + 18*d**2 - 62*d + 17. Let u be i(-21). Let j(x) = -2 + 4*x**2 + 2*x + 8 - 1 + 15*x**3 - 49*x**3. Is j(u) a composite number?
False
Suppose -3*h = 9, -2*h = g + 3*h - 5644. Suppose -g = -3*k - 526. Is k a prime number?
False
Let l(t) = 956*t**3 - t**2 - 3. Let p be l(-2). Let u = -3264 - p. Is u prime?
True
Let h(n) = 7*n - 8 - n**3 - 23*n**2 + 5*n**2 - 6. Suppose -809 = 7*j - 676. Is h(j) composite?
True
Suppose -5*z - 2*h = 2*h - 123, 2*h + 87 = 3*z. Suppose z = -2*x + 11. Is -2302*(-4 - 28/x) prime?
True
Suppose 45*v = 48*v - 80970. Is ((-3)/(-2))/3*v a composite number?
True
Let b = 4249 - -784. Suppose -6*g + b = g. Is g prime?
True
Let w be 2/(-1) + 20 + -1. Suppose w*k = 12*k. Suppose k = 4*z + 16, -a + z = -3*z - 2145. Is a prime?
True
Let q = 18 - 5. Suppose 4*d + 67 = -q. Is 1852 - -4*5/d a prime number?
False
Let a(c) = 8994*c**2 + 157*c - 1062. Is a(7) a prime number?
False
Let m(x) = 4*x**3 + x + 1. Let h be m(1). Suppose -16*d + h*d + 40010 = 0. Is d a composite number?
False
Let k be 6/(-9) + 1364/12. Suppose -21*p + k = -55. Suppose 23804 = 12*a - p*a. Is a a prime number?
False
Let h(p) = p**3 - 7*p**2 + 6*p + 22. Let j be h(5). Let b(y) = -4104*y + 1. Let q be b(-1). Suppose j*n = i + 1627 + 15, -i - q = -5*n. Is n prime?
True
Let x be (-3)/(-6) + 51/6. Let h be (x/(-6))/(15/(-440)). Let v = h + 3. Is v composite?
False
Let z be (-66)/55*50/(-3). Suppose -14*t + 10*t = -z. Suppose 0 = t*g - 4*g - 142. Is g prime?
False
Let m(j) = 882*j - 32. Suppose 5*t + 54 = 14*t. Let u be m(t). Suppose -9*h + u = -13811. Is h composite?
True
Let g = -1652179 - -2342062. Is g a composite number?
True
Suppose -2*k + 3134108 = 5*l, 2*k - 83 + 65 = 0. Is l a composite number?
True
Let j be 3*(2 + -1)*(-6)/6. Let s(d) = -298*d**2 - d - 3. Let p be s(j). Is 3/((-6)/(-27) - (-578)/p) prime?
False
Let s be (1484/(-159))/((-8)/6). Suppose s*g - 12385 = 10764. Is g a prime number?
True
Let d(s) = -2*s**3 + 107*s**2 - 163*s - 193. Is d(48) composite?
False
Let o = 17964 - -8273. Is o a prime number?
True
Let b be ((-9)/(-36))/((-1)/(-4))*0. Suppose b = -27*j + 20630 + 72709. Is j composite?
False
Let s(g) = -g - 1. Let u(a) = -3*a + 15. Let j be u(4). Let c(w) = 34*w**2 + 21. Let m(r) = j*s(r) + c(r). Is m(7) prime?
True
Suppose -3*s = -12*s - 45. Is (s/150*-25)/((-2)/(-2364)) composite?
True
Suppose r - 26 = 11. Suppose 4*s - r = 5*g, -s - 3*g = 15 - 3. Suppose 2*o - 2*a = 6*o - 6238, s*a + 9 = 0. Is o a composite number?
True
Let c(i) = 144*i**3 - i**2 + 5*i + 7. Let j = -9 + 12. Is c(j) composite?
True
Let v(k) = 116*k**3 - 12*k**2 + 30*k + 25. Is v(8) a prime number?
True
Let m(i) = 168*i**2 + 28*i + 109. Is m(-6) prime?
False
Let k(a) = 1821*a**2 - 70*a - 119. Is k(-10) a prime number?
True
Suppose -47*n + 134640 = -83*n. Let q = 11333 - n. Is q composite?
False
Suppose 0 = y - 4*y. Suppose -25*p - 3*b - 6 = -22*p, 40 = 5*p - 5*b. Suppose 2*f = p*q + 468, y*f = 3*f - 2*q - 707. Is f composite?
True
Let a(d) = -2*d**2 + 54*d + 111. Let k be a(29). Is -134*(-59)/10 - 2/k a composite number?
True
Let a(q) = -289*q**3 + 570*q**3 + 14*q**2 + 1 - 282*q**3 + 5*q. Is a(7) a composite number?
False
Let j(m) = 13*m**3 - 10*m**2 + 3*m - 1. Let x(a) = -12*a**3 + 9*a**2 - 3*a + 1. Let h(u) = 6*u - 49. Let o be h(9). Let r(s) = o*x(s) + 4*j(s). Is r(-5) prime?
False
Let d(j) be the second derivative of 43*j**4/4 - 5*j**3/6 + 5*j**2/2 + 182*j. Is d(-8) a composite number?
True
Let i be (90/72)/((-1)/(-12)). Let p(c) = -c**3 + 36*c**2 - 8*c + 8. Is p(i) prime?
False
Let s = -4510 + 4778. Let d be (2 + -1)*-83*1. Let k = s + d. Is k prime?
False
Suppose -25*w - 162 = -19*w. Is (-6)/w - (-15098)/18 prime?
True
Let j be 11 - ((-4)/(-2) + -2 - 2). Let c be 6*-1*(j + -10). Let h(g) = -98*g - 43. Is h(c) a prime number?
True
Let a = -73 - -112. Suppose 2*d = 5*l + 28, -5*d - 2*l = l - a. Suppose 579 = 10*f + d. Is f a prime number?
False
Let s(m) = -6 - 266*m**2 - 1 + 879*m**2 - 6 + 54*m + 266*m**2. Is s(-6) prime?
True
Let h = -169250 + 303705. Is h a composite number?
True
Suppose 4 = s - 1. Is -5 + s + 1443 + -4 a prime number?
True
Let g(k) = k + 11. Let b be g(-11). Let p be (-118)/(((2 - b) + -1)/1). Is p*(4 + 27/(-6)) a prime number?
True
Is (-47)/(11609/(-26)) - (-10565554)/38 a composite number?
False
Suppose 0 = 2*y + 3*t - 122042, 122038 = -1220*y + 1222*y + 4*t. Is y composite?
False
Suppose -92*y = 25*y - 24734034. Is y composite?
True
Let q be ((-340)/(-6))/((-27)/(-6318)). Suppose 3*a - 423 - q = 0. Is a a prime number?
True
Let n = 112 - 102. Suppose -10*w + n = -8*w. Suppose 0 = -g, -w*g + 1226 = 3*h - h. Is h a prime number?
True
Let i = 3773 + 43356. Is i composite?
False
Let i = 426620 - 250479. Is i prime?
False
Let m(f) = 990*f + 4 - 5 - 1035*f. Suppose -c - 6 = -0*c. Is m(c) a composite number?
False
Let y(l) = 6*l - 4. Let o be y(-1). Let c(m) = 3*m**3 - 9*m**2 - 6*m - 22. Let d(z) = 3*z**3 - 10*z**2 - 7*z - 23. Let j(q) = 2*c(q) - 3*d(q). Is j(o) prime?
False
Suppose 179*r - 215*r + 1466692 + 2162000 = 0. Is r prime?
False
Let x(i) = -10*i + 1. Let a be x(5). Suppose -3*v + 237 = -3*k, -2*v + k = -3*k - 152. Let z = v + a. Is z a composite number?
True
Let f(w) be the third derivative of -1/120*w**6 + 4*w**2 + 0 + 1/3*w**5 + 3/8*w**4 + 31/6*w**3 + 0*w. Is f(20) composite?
False
Let t(i) = 2*i**2 + 5*i + 9. Let h(g) = g**2 + 3*g + 5. Let o(m) = 7*h(m) - 3*t(m). Let q be o(-4). Suppose 2*c + 47 - 789 = q. Is c a composite number?
True
Let i = -562632 + 1356925. Is i composite?
True
Is 299239 - (-8)/(-8)*0/2 composite?
False
Is 503252/(-20)*-15 + 19 composite?
True
Let j be 4/(-12) + 14/(-3) - -6091. Suppose 10*w - j = -7*w. Is w a composite number?
True
Let d = 1183 + 10680. Suppose -3*v + 59308 = d. Is v prime?
False
Suppose -8384 = -4*h - 4*i, -2*h + 4*i + 3035 = -1151. Suppose d - 6*d - 5*c - h = 0, 0 = -2*d + 2*c - 838. Is d*(1 + (-4)/2) composite?
False
Let y(j) = 54*j**2 + 32*j + 971. Is y(-24) a prime number?
True
Let t(v) = v**3 - 18*v**2 - v. Let d be t(18). Is (-2975390)/(-495) + (-2)/d prime?
True
Let b(j) = 2. Let r(c) = 199*c - 23. Let h(v) = -b(v) - r(v). Is h(-34) composite?
True
Suppose -w + 3*i + 78 = 0, -7*i = -2*w - 8*i + 163. Is 1400 - ((-18)/w + (-11)/(-9)) a prime number?
True
Let h(l) = -49*l - 147. Let a be h(-3). Suppose a*s = 10*s - 19810. Is s a prime number?
False
Suppose -r - z + 3108 + 2407 = 0, -5523 = -r - 5*z. Is r a composite number?
True
Let n(w) = w**3 + 13*w**2 + 13*w + 12. Let g be n(-12). Suppose 3*h - 696 - 543 = g. Suppose o + h = 2*o. Is o composite?
True
Let i = -89 + 84. Let w(x) = -19*x**3 - 5*x**2 + 5*x + 10. Let n be w(i). Let m = n + -898. Is m a composite number?
True
Suppose 0 = -11*b + 12*b + 5. Is ((b/(-10))/(1/(-7694)))/(-1) prime?
True
Let a = -52 - -43. Let m be (3/a)/(-3 - 44/(-15)). Suppose 3*w - m*j - 463 = 0, 2*w + 4*j = -0*w + 338. Is w prime?
False
Let d be (0 + (-1 - 0))/(-3 - -2). Is 2*d/((-4)/(-18902)) a composite number?
True
Let f = 169 - 167. Suppose v = 4*l + 10305, v + 10300 = f*v + l. Is v composite?
False
Suppose 0 = 9*a - 3*a. Suppose 3*k - 3 = a, o - 7 = -2*k - 0. Suppose -o*f + 2185 = -1150. Is f a composite number?
True
Let v = 1592 + 9280. Let b = v + -583. Is b a composite number?
False
Let o = -109 + 48. Let c = o - -65. Suppose 2*l + j - 4*j - 1331 = 0, -l - c*j = -693. Is l composite?
False
Let r be 4300/140 + 2/7. Suppose r*x = 29*x + 5638. Is x a prime number?
True
Let y(g) = -g**3 - 2*g**2 - 1. Let m be -4 + (22/8 - 30/40). Let d be y(m). Is (-1 - d) + (3 - (-106 - 2)) composite?
True
Suppose 0 = 86*y - 81*y + 3*p - 165931, 99565 = 3*y + 5*p. Is y a composite number?
True
Let c(k) = 1120*k**3 - 5*k**2 + 3. Let z be c(1). Let h(g) = -38*g**2 - 2*g - 9. Let w be h(4). Let o = z + w. Is o a composite number?
True
Suppose 180*d = 5*z + 179*d - 4053682, -2*d = 5*z - 4053691. Is z prime?
True
Let a be (12 + 0/(-1))*(-2)/(-3). Suppose -3*o + 1186 = 2*l, -3*l + 5*o - a*o = -1773. Is l prime?
True
Suppose 25*h - 4875932 = -148870 - 600087. Is h composite?
False
Let l = -704 + 707. Let b(p) = 234*p - 89. Is b(l) a prime number?
True
Suppose -87*t + 90*t + 994834 = 2*z, -3*z = -t - 14